 133 and 272631?
19
Calculate the greatest common divisor of 12844 and 21554.
26
What is the greatest common divisor of 282 and 669?
3
Calculate the greatest common factor of 206656 and 1168.
16
Calculate the highest common factor of 10780 and 3500.
140
Calculate the highest common factor of 33 and 443388.
33
Calculate the greatest common factor of 2618 and 14366.
22
What is the highest common factor of 12 and 1687806?
6
Calculate the highest common divisor of 6113920 and 410.
410
What is the greatest common divisor of 185 and 81622?
37
What is the highest common divisor of 406914 and 6?
6
Calculate the greatest common divisor of 1890 and 8460.
90
Calculate the greatest common divisor of 498 and 96944.
166
Calculate the highest common factor of 388596 and 624.
156
Calculate the greatest common divisor of 181650 and 420.
210
Calculate the highest common factor of 688 and 14534.
86
What is the greatest common factor of 5424 and 388155?
339
What is the greatest common divisor of 192184 and 8?
8
Calculate the highest common factor of 66591 and 906.
453
What is the greatest common divisor of 160366 and 181?
181
Calculate the greatest common factor of 1140267 and 1551.
141
What is the highest common factor of 207020 and 440?
220
What is the highest common divisor of 18016 and 96?
32
What is the highest common divisor of 37308 and 408?
12
What is the greatest common factor of 25 and 2551?
1
Calculate the highest common divisor of 625 and 77625.
125
What is the greatest common divisor of 1338954 and 204?
102
What is the greatest common divisor of 1823188 and 41?
41
Calculate the highest common factor of 6 and 147502.
2
Calculate the highest common factor of 22 and 690.
2
What is the greatest common factor of 533655 and 1416?
177
What is the greatest common divisor of 12066 and 16?
2
Calculate the greatest common divisor of 72 and 72728.
8
Calculate the greatest common divisor of 142287 and 258.
129
Calculate the greatest common factor of 191877 and 63.
21
What is the highest common factor of 3082 and 33634?
134
What is the greatest common factor of 14 and 3082?
2
Calculate the greatest common factor of 642327 and 6.
3
Calculate the greatest common divisor of 112 and 16688.
112
Calculate the greatest common factor of 5931 and 3726.
9
What is the greatest common factor of 196 and 809788?
28
Calculate the greatest common factor of 450 and 13890.
30
What is the highest common divisor of 1087725 and 75?
75
What is the greatest common factor of 260 and 367588?
52
What is the highest common divisor of 413 and 1711?
59
What is the highest common divisor of 28946 and 451?
41
Calculate the greatest common factor of 165291 and 5093.
463
Calculate the greatest common factor of 142 and 340729.
71
Calculate the greatest common factor of 6990 and 3.
3
Calculate the highest common factor of 6 and 25068.
6
What is the greatest common divisor of 180 and 160?
20
What is the greatest common factor of 1960 and 168880?
40
What is the highest common divisor of 838996 and 3606?
1202
Calculate the greatest common divisor of 1077686 and 1138.
1138
Calculate the greatest common factor of 375 and 4915.
5
What is the highest common factor of 27692 and 155848?
644
What is the greatest common factor of 275 and 67425?
25
Calculate the greatest common factor of 1 and 15765.
1
What is the greatest common divisor of 1886490 and 270?
270
Calculate the highest common factor of 115 and 147890.
115
Calculate the greatest common factor of 2830 and 9410.
10
What is the greatest common divisor of 42167 and 894?
149
Calculate the highest common factor of 340550 and 98.
98
What is the highest common divisor of 132 and 184492?
44
What is the greatest common divisor of 5593 and 17437?
329
Calculate the greatest common factor of 7740 and 357760.
860
What is the greatest common factor of 16820 and 392660?
580
What is the greatest common factor of 21018 and 279?
93
What is the greatest common factor of 5440 and 2312?
136
What is the greatest common divisor of 194 and 194291?
97
Calculate the highest common divisor of 733563 and 101.
101
What is the greatest common divisor of 1023429 and 33?
33
Calculate the greatest common factor of 1311 and 3306.
57
What is the greatest common factor of 2720 and 74545?
85
What is the highest common divisor of 4756681 and 709?
709
What is the greatest common factor of 592 and 2384?
16
Calculate the highest common factor of 221 and 4607.
17
Calculate the highest common factor of 1304 and 56724.
652
Calculate the greatest common factor of 88 and 85745.
11
What is the greatest common divisor of 6072 and 1173?
69
What is the highest common divisor of 204028 and 33?
11
What is the highest common factor of 243 and 354?
3
What is the highest common divisor of 1319807 and 47?
47
Calculate the greatest common divisor of 575 and 43175.
25
Calculate the highest common divisor of 4459 and 39.
13
Calculate the highest common divisor of 136136 and 504.
56
What is the greatest common divisor of 101069 and 1477?
211
What is the greatest common factor of 1956 and 10200?
12
What is the greatest common divisor of 1342 and 1188?
22
Calculate the highest common factor of 217 and 44082.
31
Calculate the highest common factor of 242 and 212234.
242
What is the greatest common factor of 26196 and 17700?
708
Calculate the highest common divisor of 2949683 and 55.
11
Calculate the greatest common divisor of 3564 and 31779.
297
Calculate the greatest common divisor of 2378 and 32074.
58
Calculate the greatest common factor of 441 and 816438.
147
Calculate the greatest common factor of 76 and 55632.
76
Calculate the greatest common factor of 332 and 356.
4
What is the highest common divisor of 928 and 137895?
29
Calculate the highest common divisor of 4028 and 2242.
38
Calculate the greatest common divisor of 15696 and 391964.
436
Calculate the greatest common factor of 88 and 1492744.
88
Calculate the greatest common divisor of 856431 and 774.
387
Calculate the highest common factor of 1876 and 175.
7
What is the highest common factor of 1445 and 1089241?
289
Calculate the highest common divisor of 189 and 3689.
7
What is the greatest common divisor of 80 and 12625?
5
Calculate the highest common factor of 2324 and 12124.
28
Calculate the greatest common divisor of 285 and 38095.
95
Calculate the greatest common divisor of 83266 and 136.
34
What is the highest common factor of 289 and 62?
1
What is the greatest common factor of 2376 and 28776?
264
What is the highest common divisor of 6 and 138?
6
Calculate the greatest common divisor of 163831 and 2422.
173
What is the greatest common factor of 13725 and 125?
25
What is the highest common divisor of 329 and 688597?
329
Calculate the greatest common divisor of 55 and 87824.
11
Calculate the highest common divisor of 43146 and 31302.
846
What is the highest common divisor of 56 and 2751?
7
What is the greatest common divisor of 381 and 289941?
381
Calculate the highest common divisor of 171 and 3429.
9
What is the greatest common factor of 18 and 42057?
9
What is the highest common divisor of 1542 and 79670?
514
Calculate the highest common factor of 37378 and 198.
22
What is the greatest common factor of 2639 and 2436?
203
What is the highest common divisor of 8910 and 13446?
162
Calculate the greatest common factor of 436 and 102133.
109
What is the highest common factor of 360 and 2094?
6
Calculate the highest common factor of 14196 and 2444.
52
Calculate the highest common divisor of 230897 and 23.
23
Calculate the highest common factor of 7344 and 162.
54
Calculate the highest common divisor of 80 and 7530.
10
What is the greatest common divisor of 265 and 63335?
265
Calculate the greatest common divisor of 194 and 82.
2
What is the greatest common factor of 488 and 5874?
2
Calculate the highest common factor of 968183 and 19.
19
Calculate the highest common factor of 49 and 13832.
7
What is the greatest common factor of 528 and 75108?
132
What is the greatest common divisor of 7223 and 5022?
31
Calculate the highest common divisor of 1243 and 18871.
113
What is the greatest common factor of 245228 and 2020?
404
Calculate the highest common divisor of 9663660 and 10.
10
Calculate the greatest common factor of 1353746 and 9659.
743
Ca